digit of 15588152?
8
What is the thousands digit of 2724411?
4
What is the thousands digit of 10433838?
3
What is the units digit of 382227?
7
What is the units digit of 22376276?
6
What is the ten thousands digit of 165217?
6
What is the tens digit of 3431129?
2
What is the units digit of 73684?
4
What is the units digit of 4307724?
4
What is the units digit of 571371?
1
What is the tens digit of 89916?
1
What is the millions digit of 1255879?
1
What is the thousands digit of 909263?
9
What is the ten thousands digit of 746962?
4
What is the units digit of 554281?
1
What is the ten thousands digit of 575322?
7
What is the hundreds digit of 123296?
2
What is the hundreds digit of 2416411?
4
What is the hundred thousands digit of 193897?
1
What is the millions digit of 9171921?
9
What is the ten thousands digit of 3473881?
7
What is the hundreds digit of 916914?
9
What is the hundreds digit of 13928451?
4
What is the ten thousands digit of 221453?
2
What is the hundred thousands digit of 205434?
2
What is the thousands digit of 2736924?
6
What is the units digit of 262914?
4
What is the units digit of 162321?
1
What is the thousands digit of 1716188?
6
What is the units digit of 68148?
8
What is the ten thousands digit of 785067?
8
What is the tens digit of 4676?
7
What is the thousands digit of 6378167?
8
What is the units digit of 140031?
1
What is the units digit of 382606?
6
What is the ten thousands digit of 6148162?
4
What is the tens digit of 3761448?
4
What is the tens digit of 31496?
9
What is the hundreds digit of 6881697?
6
What is the thousands digit of 4026891?
6
What is the hundred thousands digit of 561288?
5
What is the thousands digit of 37925?
7
What is the hundred thousands digit of 9911742?
9
What is the ten thousands digit of 8054165?
5
What is the millions digit of 16876785?
6
What is the hundred thousands digit of 1231610?
2
What is the ten thousands digit of 238266?
3
What is the hundred thousands digit of 548835?
5
What is the units digit of 227284?
4
What is the hundred thousands digit of 2900254?
9
What is the hundreds digit of 1147206?
2
What is the units digit of 652827?
7
What is the hundreds digit of 1097019?
0
What is the tens digit of 473816?
1
What is the ten thousands digit of 1430608?
3
What is the ten thousands digit of 1296296?
9
What is the units digit of 4803552?
2
What is the millions digit of 1405282?
1
What is the units digit of 107990?
0
What is the ten thousands digit of 693391?
9
What is the hundreds digit of 21908?
9
What is the thousands digit of 120224?
0
What is the millions digit of 23841848?
3
What is the tens digit of 8597313?
1
What is the hundreds digit of 293408?
4
What is the ten thousands digit of 5248513?
4
What is the millions digit of 3309183?
3
What is the units digit of 16670839?
9
What is the thousands digit of 371775?
1
What is the units digit of 792324?
4
What is the hundred thousands digit of 6735283?
7
What is the millions digit of 26479662?
6
What is the tens digit of 3566327?
2
What is the hundred thousands digit of 1344970?
3
What is the ten thousands digit of 5250728?
5
What is the thousands digit of 1706233?
6
What is the hundred thousands digit of 398508?
3
What is the hundred thousands digit of 8729886?
7
What is the millions digit of 3731698?
3
What is the units digit of 449912?
2
What is the hundred thousands digit of 2076974?
0
What is the tens digit of 323257?
5
What is the tens digit of 31380?
8
What is the units digit of 299174?
4
What is the hundred thousands digit of 2574812?
5
What is the tens digit of 1559075?
7
What is the units digit of 2877470?
0
What is the units digit of 1356349?
9
What is the thousands digit of 279362?
9
What is the tens digit of 34050?
5
What is the millions digit of 3480797?
3
What is the hundred thousands digit of 316957?
3
What is the ten thousands digit of 4260926?
6
What is the hundred thousands digit of 154592?
1
What is the hundreds digit of 22645?
6
What is the ten thousands digit of 195716?
9
What is the hundred thousands digit of 2193845?
1
What is the hundred thousands digit of 566406?
5
What is the tens digit of 175640?
4
What is the thousands digit of 626900?
6
What is the ten thousands digit of 5274633?
7
What is the hundred thousands digit of 168818?
1
What is the tens digit of 59578?
7
What is the units digit of 5137634?
4
What is the hundred thousands digit of 1148243?
1
What is the thousands digit of 268172?
8
What is the hundreds digit of 175897?
8
What is the hundred thousands digit of 486362?
4
What is the hundred thousands digit of 10604177?
6
What is the units digit of 1253596?
6
What is the ten thousands digit of 419334?
1
What is the thousands digit of 3678596?
8
What is the thousands digit of 17300136?
0
What is the ten thousands digit of 2843354?
4
What is the hundreds digit of 10110691?
6
What is the thousands digit of 54073?
4
What is the thousands digit of 266990?
6
What is the millions digit of 31673136?
1
What is the ten thousands digit of 11049826?
4
What is the units digit of 291379?
9
What is the tens digit of 369938?
3
What is the thousands digit of 3307926?
7
What is the tens digit of 793843?
4
What is the ten thousands digit of 152765?
5
What is the thousands digit of 248730?
8
What is the ten thousands digit of 6610805?
1
What is the millions digit of 4592093?
4
What is the hundreds digit of 750155?
1
What is the hundred thousands digit of 1174116?
1
What is the ten thousands digit of 21910?
2
What is the units digit of 1434585?
5
What is the millions digit of 3991774?
3
What is the ten thousands digit of 928575?
2
What is the ten thousands digit of 39413?
3
What is the hundreds digit of 280303?
3
What is the ten thousands digit of 7308747?
0
What is the hundred thousands digit of 1570540?
5
What is the ten thousands digit of 76779?
7
What is the ten thousands digit of 1006248?
0
What is the hundred thousands digit of 950932?
9
What is the tens digit of 424696?
9
What is the units digit of 91141?
1
What is the hundred thousands digit of 413645?
4
What is the units digit of 3316275?
5
What is the units digit of 9985534?
4
What is the thousands digit of 9293?
9
What is the tens digit of 1156198?
9
What is the thousands digit of 666440?
6
What is the units digit of 446503?
3
What is the units digit of 2300555?
5
What is the thousands digit of 640603?
0
What is the tens digit of 23491?
9
What is the hundred thousands digit of 510935?
5
What is the tens digit of 2550497?
9
What is the millions digit of 6953567?
6
What is the hundreds digit of 15774753?
7
What is the ten thousands digit of 29947?
2
What is the hundreds digit of 4635364?
3
What is the millions digit of 5107300?
5
What is the units digit of 528129?
9
What is the hundreds digit of 288293?
2
What is the tens digit of 5830741?
4
What is the tens digit of 271776?
7
What is the hundred thousands digit of 3200319?
2
What is the ten thousands digit of 211896?
1
What is the tens digit of 205095?
9
What is the thousands digit of 1356025?
6
What is the tens digit of 624461?
6
What is the tens digit of 1062694?
9
What is the units digit of 4034655?
5
What is the units digit of 100178?
8
What is the units digit of 769666?
6
What is the hundred thousands digit of 777758?
7
What is the ten thousands digit of 29301?
2
What is the tens digit of 2410282?
8
What is the hundred thousands digit of 4014097?
0
What is the tens digit of 904465?
6
What is the millions digit of 2104835?
2
What is the ten thousands digit of 12484?
1
What is the tens digit of 862273?
7
What is the millions digit of 12678249?
2
What is the units digit of 17327837?
7
What is the tens digit of 4266145?
4
What is the hundreds digit of 13837296?
2
What is the ten thousands digit of 5065493?
6
What is the tens digit of 271935?
3
What is the thousands digit of 21069?
1
What is the thousands digit of 1518618?
8
What is the tens digit of 1116069?
6
What is the tens digit of 5734?
3
What is the hundreds digit of 407145?
1
What is the hundred thousands digit of 424783?
4
What is the units digit of 338537?
7
What is the ten thousands digit of 4156163?
5
What is the ten thousands digit of 3150164?
5
What is the hundreds digit of 102067?
0
What is the hundreds digit of 224980?
9
What is the h